f -4 - (-134 + 139 + 1 + -19 + 1)?
8
(16 - 18 - 26) + 13
-15
What is the value of -12 + 14 - 5 - 8?
-11
-16 + 18 - ((3 - -13) + -5 + 0)
-9
Calculate (5 - 6 - 4 - -12) + 9.
16
Calculate -12 + (16 - 2) + -1 + -2.
-1
Evaluate -4 - (4 - (8 + -6) - -6).
-12
What is (9 - 6) + (2 - (-1 - (-1 - -2)))?
7
-6 - (6 - (-6 + 10) - (-4 + -2))
-14
Evaluate -329 - -342 - (1 - (1 - 3)).
10
What is the value of -5 + 7 + 13 + -21?
-6
Evaluate 22 + -9 - (-4 + 7 + -1 - 1).
12
Calculate 12 - (-23 + -22 + 80).
-23
17 + -12 - (-22 + 8 + 17)
2
7 + -2 + 7 - (-16 - -51)
-23
Evaluate 1 + -6 - (5 - 32 - -43).
-21
What is the value of (0 - -2 - 1) + 0 - (44 - 54)?
11
What is (-23 - (1 - 8)) + 25?
9
7 + -12 + -1 + (2 - -4) + -7
-7
What is (-40 - -22 - 34) + 17?
-35
-9 + 28 + -11 + 21 - (8 - 9)
30
Calculate 13 + -38 - (14 - 7).
-32
22 + (-16 - (4 + -16))
18
32 + (-2 - (-7 - (2 + -3))) + -4
32
Evaluate (-28 - -74) + (-12 - -4).
38
What is -10 + (-30 - -41) - 5?
-4
What is (1 + -15 - -5) + (12 - 6)?
-3
Calculate -1 - 1 - (-3 + 4 + -5 + -2).
4
What is -20 + (35 - 22) + 9?
2
Evaluate 369 + -373 - (3 - (0 + -1)).
-8
What is 16 + -42 + (-3 - -23 - 13)?
-19
What is the value of (-4 - 3 - -1 - (6 + 1)) + 5?
-8
Evaluate -7 + 3 + 1 + (-9 - (7 + -31)).
12
What is -13 + -3 + 2 + 8 + (3 - 0)?
-3
-2 + -11 + (-11 - (4 + -22 + 8))
-14
What is 17 + 1 - (-175 - -189)?
4
Evaluate 1 - 15 - (-230 - -233).
-17
What is the value of (-2 + (0 - 5) - -10) + (2 - 0)?
5
20 + -35 + (0 + 17 - 6) - 1
-5
What is 7 + 3 + (-27 - -14)?
-3
Evaluate 5 - (4 + 5 - 2 - 0).
-2
156 + -159 - (4 + -6 - (-1 - -5))
3
What is the value of -7 + (-6 - (-4 + 6 + -12)) + 2?
-1
What is the value of 23 - (-10 + -10 + 48)?
-5
Evaluate (-23 + 39 - 7) + -20 + -2.
-13
Evaluate -48 - (4 + -5) - -32.
-15
Calculate -4 - ((-9 - -3) + 5).
-3
Calculate 19 - (-11 - 3 - -26).
7
Evaluate (24 - 33) + 11 - 10.
-8
(17 + -9 - 2) + -3 - -2 - 12
-7
Evaluate -3 - -5 - -5 - -2 - 4.
5
Calculate -1697 + 1701 + (2 - (-2 - -15)).
-7
Evaluate 21 + -10 + 22 + -22.
11
-20 + 30 + (36 - 12)
34
What is (4 - 7) + -13 - ((2 - 7) + 0)?
-11
7 - 16 - (-2 + 24 + 1 - 4)
-28
Evaluate 54 + (-4 - 15) + -6.
29
Evaluate (18 - 32 - -31) + 14 + -3.
28
Evaluate (3 - 1) + -1 + (8 - (-7 + 17)).
-1
36 - -7 - 28 - (4 - 0)
11
Evaluate (-9 - -40) + (2 - 20).
13
(-12 - (-4 - -10)) + 9 + 6
-3
What is the value of (11 - (4 + 20)) + 7 - 12?
-18
Evaluate 2 + (13 - 11) + 8.
12
Calculate (18 - 13) + (-3 - -5) + -12 + 2.
-3
What is -14 - (-6 + 0 - -4)?
-12
Evaluate -16 - 8 - (-10 - -3) - (-10 + 1).
-8
What is the value of (-10 - -5) + (7 + -5 - -16) + 5?
18
Evaluate -4 + -2 - (6 + 0 + 10 + -21).
-1
-65 + 25 + 21 - -41
22
Evaluate 12 - (30 + (15 - 17)).
-16
0 + 2 + 6 + -6 - 6
-4
Calculate 0 + -17 + 10 + -6 - (-13 - -8).
-8
What is the value of (15 + -3 - (3 + -1)) + -11 + 8?
7
What is the value of 6 - (32 + -5 - 4)?
-17
Calculate (-15 - (1 + -42)) + -13.
13
20 - (-6 - (-3 - -4) - (41 + -43))
25
Calculate -13 + 27 + -14 - (-12 - (1 + -4)).
9
What is the value of -4 + (-1 - 5) + 18 + (24 - 9)?
23
(15 - -23) + -55 - (-1 - -20)
-36
What is the value of 1 + 0 + 102 + -94 - (-2 + 4)?
7
What is the value of 10 + 2 - (28 - 14) - 2?
-4
What is the value of -4 + (-3 - 5) + (4 - -8)?
0
(-1 - -12 - ((13 - 3) + -3)) + -9
-5
-39 - -3 - (-12 + -43)
19
What is the value of -9 + (10 - (12 - 7)) + 5 + 8?
9
Evaluate 10 + -20 + -4 + (5 - -1).
-8
(17 - (6 + 8)) + 9
12
What is (-21 - -1) + 9 + 25?
14
Calculate -1 + -3 + 12 - ((1 - -4) + -7).
10
Evaluate (-1 - 0 - (1 - 6)) + (-13 - -7).
-2
What is the value of (-6 + 0 + -1 - (4 + -7)) + 9?
5
What is the value of (-17 - -6) + 9 + -5?
-7
What is the value of (-247 - -225) + (3 - 2)?
-21
Calculate -19 + -6 + -8 + 22.
-11
What is -5 - (4 - 1 - (-11 + 12 + 5))?
-2
What is (3 - (-36 + -2)) + (-7 - (34 - 32))?
32
What is the value of 17 + (4 - 5) + -4?
12
3 + (1 - 1) - (-13 - (-34 - -27))
9
36 + -16 + -44 - -13
-11
What is the value of 60 + 2 + (1922 - 1961)?
23
-1 - 5 - (9 - 14 - (1 - 3))
-3
2 + 0 - 7 - -1 - (1205 - 1207)
-2
What is 1 + 12 + -4 + -7?
2
Calculate -1 + -2 - (76 - 74).
-5
What is (4 - 3) + -4 + 33 + -10 - 7?
13
Evaluate -6 - ((2 - 15) + 21).
-14
What is the value of (-11 - 3) + (-34 - (-37 + 18))?
-29
Calculate -3 + (22 - (22 - 7)).
4
What is (12 + 18 - 14) + -6?
10
What is (-2 - 4) + 31 + -15 - 4?
6
What is 42 + -53 + 18 + -1 + -17?
-11
0 - (-7 + (-2 - -1) + 16)
-8
-14 + 14 - ((8 - 0) + 1)
-9
Evaluate (-14 - -16) + -6 + 5 + -5 + 4.
0
Calculate 2 - 0 - (-1 - 31 - (87 - 99)).
22
What is the value of 1149 + -1138 - (1 + -2 + 0 + 46)?
-34
What is the value of -6 + (-6 + -13 + 7 - -6)?
-12
What is the value of -7 + 9 - (-5 + 4 + 5 + 0)?
-2
Evaluate (-1 - -11) + 3 - 4 - -9.
18
(42 - 41) + (-10 - -2)
-7
What is (-1 - 6) + (20 - -1) + 16?
30
Evaluate (4 - (15 - -7)) + (-16 - -8).
-26
What is the value of -44 + 14 + 19 + 2?
-9
What is the value of (29 - 2) + (745 - 736)?
36
Evaluate 0 + -9 - (43 - 69).
17
Evaluate -8 + ((-45 - -48) + -1 + -9 - -9).
-6
Calculate (1 - (8 + -42)) + (-31 - -25).
29
Calculate (4 - (-1 - (-4 - -9 - 0))) + -3.
7
Calculate (-37 - (4 - 108)) + -40.
27
What is the value of -11 + -1 - (24 - 40 - -9)?
-5
Evaluate 36 + -21 + -4 - -21.
32
What is (-1 + -6 - (143 - 150)) + 8 + 2?
10
What is the value of 15 - (28 + 17 - 16)?
-14
(-8 + 10 - (2 + 2) - -1) + 4
3
What is (-30 - 0) + -105 + 108?
-27
What is -14 - (-2 + -21) - 18?
-9
What is -10 - (0 + -11) - (2 + -3)?
2
(0 - (-11 + 5)) + 3
9
What is the value of -19 + (68 - (70 + -29))?
8
Evaluate -18 + 9 + -7 + -4 + (1 - -14).
-5
What is the value of 8 - (-1 + (-25 - -41))?
-7
Evaluate -5 + (-3 + -1 - 4) + 2.
-11
4 - (10 - 6) - 1
-1
What is the value of (6 - ((0 - 1) + 2)) + (-111 - -108)?
2
What is 1 - 26 - (1 - (-19 + 31))?
-14
What is 8 - (-1 - -21 - -6)?
-18
Evaluate -1089 + 1100 - (-1 + 5).
7
What is -22 + (1 - (-6 - 3)) - -35?
23
Evaluate 6 - ((-7 - -9) + -7 + 9).
2
What is the value of -13 + (-10 - (8 - 18)) + 35?
22
What is the value of (92 - 60) + (-8 - 8)?
16
(9 - -19) + -13 + -4
11
What is the value of 6 + -4 + (10 - 3) + 4?
13
What is 18 - 12 - ((-1 + -3 - 0) + 9)?
1
What is 5 + -2 + 11 + -5 - -4?
13
-13 - (3 - (6 - (3 - (7 + -5))))
-11
7 + 1 + (-20 - (-15 + -7))
10
What is the value of 2 + -7 + -1 + -14 + (40 - 2)?
18
Evaluate -12 + 23 + -12 - -6.
5
What is 14 + (-1 - 4) + 2 + -3 + -1?
7
Calculate ((-4 - 1) + 3 - 5) + 13.
6
What is the value of (25 - 28 - -34) + -41?
-10
What is the value of (0 - -10) + 556 + -580?
-14
Evaluate 15 - (22 + (-6 - 8 - -28)).
-21
Evaluate -14 + 60 + -8 - 36.
2
What is -1 + -15 + 10 + 5?
-1
6 + -6 + -4 - (2 + -10) - -7
11
Evaluate (0 - -9 - (-8 - -4)) + -9.
4
What is 7 + -11 + 0 - (2 - 10)?
4
10 + (0 + 1 - (-38 - -54)) - -34
29
(3 - 5 - 6 - -15) + -7
0
What is the value of 18 + -15 + -14 + 1?
-10
What is the value of (-192 - -195) + -1 + -14?
-12
What is the value of (156 - 146) + 4 + -3?
11
Evaluate (2 - 1 - 21) + 45.
25
What is the value of -14 + (-10 - -2 - -6)?
-16
Evaluate (5 - 66) + 74 - (-1 + 52).
-38
What is 16 + 2 + -6 + -14?
-2
Calculate -3 + (-2 - -9) - (-3 - -6) - -13.
14
Calculate (-22 - 1) + -6 + (0 + 16 - 5).
-18
Calculate (-1 - 5) + -8 + 0 + 3.
-11
What is the value of ((-10 - -2) + 12 - 3) + -23?
-22
What is the value of 25 + -3 + (12 - 11) + -10?
13
What is (12 - 7) + 2 - (-1 + 7 - 1)?
2
What is the value of -6 + (4 + 0 - (13 + -12 + 8))?
-11
0 + 26 + (2 - 1) + 12 + -17
22
What is the value of 3 + -14 + (-39 - -39) + (-8 - 1)?
-20
What is the value of 16 + (3 + -22 - -4)?
1
Evaluate 26 - (28 - 4) - -13.
15
19 + -10 + -5 + -9 + 14 + -6
3
What is the value of 2 + (4 - (3 - -5))?
-2
What is the value of 28 - ((19 - 15) + 15)?
9
What is the value of -25 + (1 - -2) + 12?
-10
16 + (-3 - -10) + -19
4
Calculate 4 + 0 - (1 + -15 + 8).
10
What is the value of -10 + (4 - (-2 + 3)) - 3 - -8?
-2
What is -3931 - -3939 - (-13 - (0 - -1))?
22
What is the value of 7 - (11 - 15 - (0 - 0))?
11
What is 14 - (-14 - -33) - -17?
12
What is the value of -3 - -7 - (3 + 8 - 20)?
13
What is 7 + -1 - (18 - (7 + -1)) - 2?
-8
(-3 - 10) + -225 + 218
-20
What is -3 + 2 + 14 + 8?
21
What is (1 + (-2 - 7) - (293 - 302)) + 7?
8
Calculate -3 + -4 + (-12 - (2 - 15)).
-6
What is the value of 5 + (2 - 10) + -78 + 78?
-3
Calculate -2 + -8 + 20 - -4.
14
What is the value o